432 + 3081. What are the prime factors of k?
11, 59
Let l = -27 + 987. List the prime factors of l.
2, 3, 5
Let d = 85 + -19. Let p = d + -36. What are the prime factors of p?
2, 3, 5
Suppose 2*p = 107 - 53. List the prime factors of p.
3
Suppose 0 = -19*u + 1586 + 1359. Let t(f) = 2*f**2 + 3*f + 3. Let w be t(-2). Suppose -10*k + u = -w*k. What are the prime factors of k?
31
Suppose -74*w - 92509 = -327163. What are the prime factors of w?
3, 7, 151
Let m = -39 + 39. Suppose 141 = 3*d + 4*r, -2*d + 0*r + 2*r + 108 = m. What are the prime factors of d?
3, 17
Let x(k) = k**2 + k + 5. Let c be x(-4). Suppose -18*p + 169 = -c*p. List the prime factors of p.
13
Suppose 1681 = 7*h - 6369. What are the prime factors of h?
2, 5, 23
Let s = 59 - -87. List the prime factors of s.
2, 73
Let j = 29 - 29. Suppose -v + 51 + 16 = j. What are the prime factors of v?
67
Let j(y) = -2*y**2 + 12*y - 21. Let o be j(7). Let p = 38 + o. What are the prime factors of p?
3
Suppose -k + 3*k = 0. Suppose k*y + 5*n - 422 = -4*y, 0 = -y - 5*n + 98. Suppose y = 4*d + 2*f, 7*d - 2*d - 122 = 4*f. What are the prime factors of d?
2, 13
Let w be ((-30)/20)/(3/18). Let k(l) = 2*l**2 + l - 14. What are the prime factors of k(w)?
139
Let v = 61 - 51. Suppose -405 - 275 = -v*q. List the prime factors of q.
2, 17
Suppose -9*z + 1978 + 2630 = 0. List the prime factors of z.
2
Let r(p) = -p**3 - p + 156. Let l = 12 - 12. Let z be r(l). What are the prime factors of z/6 - (0 - -2)?
2, 3
Let z(h) = -99*h**3 - h. Let q be z(-1). Let t = q + -17. What are the prime factors of t?
83
Let x(g) = -g**2 - 17*g - 13. Let q be x(-16). Suppose q*f - 39 = -0*f. List the prime factors of f.
13
Suppose -4747 - 8997 = -8*t. List the prime factors of t.
2, 859
Let a be 2/(-5) - (-822)/30. Let h be (a/(-12))/((-3)/40). Suppose 60 = 4*r + 2*o, -r - 4*o = -3*r + h. What are the prime factors of r?
3, 5
Suppose -3*s - 271 = -826. List the prime factors of s.
5, 37
Let a(o) be the third derivative of -o**5/60 + 5*o**4/8 - 3*o**3/2 + 5*o**2. Let b be (1 + 4/(-12))*15. What are the prime factors of a(b)?
41
Let u be (((-10)/(-3) + -3)*0)/1. Suppose -5 = 5*m, -o + 3*m + 127 = -u*m. What are the prime factors of o?
2, 31
Let r = -17 + 19. What are the prime factors of 2/(-8) - (2340/(-16) + r)?
2, 3
Suppose u - 4*t = 1155, -t = u - 3*u + 2310. List the prime factors of u.
3, 5, 7, 11
Let t(a) = -2*a + 215. Suppose -4*n = 3*m + 8, 2*n + 6 = -m - n. List the prime factors of t(m).
5, 43
Let a(y) = -244*y - 14. Let p be a(9). Let h be (-7)/(-49) - p/14. Suppose h = 3*w + 2*n, 5*w - 79 = -3*n + 183. What are the prime factors of w?
2, 5
Suppose -5*f - 168 = -3*x, 8*x + 4*f = 13*x - 293. List the prime factors of x.
61
Let c(z) = -16*z + 13. Let s be 4/5 + (-64)/5. List the prime factors of c(s).
5, 41
Suppose 13*t = 37*t - 92304. What are the prime factors of t?
2, 3, 641
Let c = 243 - 151. What are the prime factors of 338/7 + c/(-28) + 3?
2, 3
What are the prime factors of 404 - 0*4/16?
2, 101
Let s be 1/3 - 231/(-63). Suppose 3*r + 2*n + 68 = 4*r, -s*r + 4*n = -252. What are the prime factors of r?
2, 29
Let a = 85 + -33. Suppose 12*w - 11 - 13 = 0. What are the prime factors of a/4 + 2/w?
2, 7
Let c = 25 - 50. Suppose -7*g = -14*g + 329. Let p = g + c. What are the prime factors of p?
2, 11
Suppose -3*d = 2*v - 7, -3*d - 3*v = -7 - 5. Let g be 2 - 2 - 3/d. Suppose 35 = q + g*i, -71 = 4*q - 3*i - 286. What are the prime factors of q?
2, 5
Let p be ((-6)/10)/(18/10 + -2). Suppose 3*c = p, -z - 5*c = -4*c - 36. List the prime factors of z.
5, 7
Suppose 0 = 5*x + 169 - 24. Let n(c) = c**3 - 3*c. Let v be n(-4). Let s = x - v. List the prime factors of s.
23
Suppose -3850 = 43*w - 48*w. What are the prime factors of w?
2, 5, 7, 11
Let b(v) = v**3 + 9*v**2 + 7*v - 9. Let r be b(-8). Let n(a) = 18*a**2 + 2*a + 1. Let t be n(r). Let k = 7 + t. List the prime factors of k.
2, 3
Let c(g) = 2*g**2 - g + 152. List the prime factors of c(0).
2, 19
Suppose -1 + 1 = 5*y. Suppose -4*d + 383 + 149 = y. What are the prime factors of d?
7, 19
Let b be 90/8 + (-3)/12. Suppose 3*l - 91 = -4*l. Let w = b + l. What are the prime factors of w?
2, 3
Let w(f) = -1 + 2 - 2047*f + 2038*f + 2*f**2. Suppose 20 = 5*d - d. What are the prime factors of w(d)?
2, 3
Suppose 4*p - 146 = 3*p. What are the prime factors of p?
2, 73
Let s = -11 - -29. Suppose -7*x - 15 = 5*h - 2*x, -s = 2*h - x. Let f = h + 16. What are the prime factors of f?
3
Let v(c) = -2*c**2 + 14*c - 5. Let q be v(6). Let o(i) = i**3 - 8*i**2 + 9*i + 7. List the prime factors of o(q).
3, 7
Let o be -8 - -7 - 3*-3. Let g = -6 + o. Suppose h + g*h = 60. What are the prime factors of h?
2, 5
Let k(n) = -n + 15. Let f be k(11). Suppose 5*p - f*p = -5. Let a(b) = 2*b**2 + b + 11. List the prime factors of a(p).
2, 7
List the prime factors of -28*(-26)/91*179.
2, 179
List the prime factors of 27 + 1635 + (2 - 2).
2, 3, 277
Suppose -2083 = -15*u + 2027. What are the prime factors of u?
2, 137
Suppose 2*d - 154 = -p + 4*p, 0 = -p + 2*d - 54. What are the prime factors of p*60/(-16)*(-2)/(-3)?
5
Let a(h) = 4*h**2 - 4. Let g be a(-2). Suppose -g*u + 244 = -8*u. List the prime factors of u.
61
Suppose -3*m = -5*m + 4. What are the prime factors of 1/m + (-747)/(-18)?
2, 3, 7
Let c be 3 + (258/(-9))/(12/(-18)). Suppose 0*h = 2*h - c. What are the prime factors of h?
23
Suppose 6 = 4*p - 2*p. Let m be 4 + p + -1 + -1. Suppose -z + 2*a + 18 = 0, -m*z = 2*a - 88 - 2. What are the prime factors of z?
2, 3
Let f(i) = 3*i**2 + 15*i + 22. Let w be f(-2). Let u = 4 - 0. Suppose u*l + 0*l - 5*q - 97 = 0, -w*l = 2*q - 90. List the prime factors of l.
23
Let m be -2*(-32 - (4 + -8)). Let j = m - -27. List the prime factors of j.
83
Suppose 0 = -105*l + 76*l + 123540. What are the prime factors of l?
2, 3, 5, 71
Let y = 83 - 24. Suppose 0 = -2*u + 55 + y. What are the prime factors of u?
3, 19
Suppose -48 = 5*l + 32. List the prime factors of 1884/16 + 2/(l/(-2)).
2, 59
Let y(i) = i + 14. Let p be y(-10). Suppose -3*c = -p - 5, -363 = -5*h - c. What are the prime factors of h?
2, 3
Suppose -492 = -12*i + 8*i. Suppose i = 2*w - 103. What are the prime factors of w?
113
Suppose 10 = 4*v + 2*p, -3*v + 4*p - 15 = -6*v. Let w = 70 - 15. Let b = w - v. List the prime factors of b.
2, 3
Suppose 5*q - 5*h - 2 - 13 = 0, 5*h = -q - 27. Let d(m) = m**3 + 7*m**2 + 5*m + 5. Let o be d(-6). What are the prime factors of o*(q + 4)/2?
11
Suppose 2 + 3 = 3*o - i, 3*o + 11 = 5*i. Suppose -4*w + 5 = -3, -3*w = o*m - 57. What are the prime factors of m?
17
Suppose 8 = 4*b + 3*n, 0*b + 12 = 4*b + 2*n. Suppose 24 = b*g + 4. Suppose -175 = -3*s - g*s. List the prime factors of s.
5
Let h(i) = -1403*i - 16. List the prime factors of h(-1).
19, 73
Let b(y) = 3*y + 3. Let g be b(-9). List the prime factors of (-843)/(-13) + g/(-156).
5, 13
Let a = 0 + -5. Let j be a/(-30) - 173/(-6). Suppose -16 = -z + j. What are the prime factors of z?
3, 5
Suppose -4 = -5*y + 5*w + 6, -3*w = 0. Suppose 5*b + 12 = 3*l, 5*l - 9 = 4*b + y*l. What are the prime factors of b/(-2)*(-32)/(-6)?
2
Suppose -16 = -4*f + 40. Suppose f*z = 12*z + 8. List the prime factors of 6/z*44/3.
2, 11
Let q(h) = h**3 + 9*h**2 + h - 1. Let r be q(-9). Let i = 118 + r. What are the prime factors of i?
2, 3
Let s(w) = w**2 + 53*w - 456. What are the prime factors of s(32)?
2, 283
Let y = -3 - -21. Suppose -2*w - 2*w + 18 = -2*h, -y = w + 4*h. Suppose -w*r + r = -52. List the prime factors of r.
2, 13
Let q = 391 + -790. Let t = q - 654. What are the prime factors of (1/3)/((-27)/t)?
13
Let i be 22/8 + (-6)/(-24). Suppose -6*t + t - 15 = 5*p, -i*p - t = -1. Suppose 0 = -a - l + 35, 3*a = a + p*l + 90. What are the prime factors of a?
2, 5
Let r(k) = k**2 + 11*k - 25. List the prime factors of r(21).
647
Suppose 2*f - 4*g - 236 = -0*g, -5*g = 3*f - 354. Suppose 3*d = d + 2, 0 = -2*x + 4*d + f. List the prime factors of x.
61
Suppose 2*d - d = 0. Suppose d*x + 1 = -x. List the prime factors of (-25)/(-1) + x/(-1).
2, 13
Let h(i) = -3*i**3 - 5*i**2 - 6*i + 2. Let a(l) = l**3 - l**2. Let z(d) = -2*a(d) - h(d). List the prime factors of z(-5).
2, 3
Let q = -36 + 20. Let x = 52 + q. Suppose -2*s + s = -x. What are the prime factors of s?
2, 3
Let b(a) = -a**3 + 6*